e tens digit of u?
1
Suppose 3*f - 213887 = -4*r, -f + 79911 = r + 26440. What is the units digit of r?
4
Let x(u) = -26*u - 3. Let m be x(4). Let d = -1014 - -1012. What is the units digit of (-21)/(-42) + (m/d - 1)?
3
What is the units digit of ((-10)/15)/((-17)/110466)?
2
Suppose -3*w - w = 16*w - 307960. What is the ten thousands digit of w?
1
Suppose 5*b - 4*a = 29, 5*a = 2*b + 2*b - 25. Suppose -2*t - v + 307 = -2*v, 0 = -b*t + 4*v + 775. What is the units digit of t?
1
Let y be (-13)/(-7) - ((-110)/35 + 3). Let u(m) = -9*m**2 + 3*m**y + 736*m + m**3 - 722*m + 1. What is the tens digit of u(6)?
8
What is the units digit of 402489/(-18)*2/(-3)?
7
Let s be (-5)/3*720/(-600). Let f be 44/10 - 4/10. Suppose -4*q = -s*n + 3*n - 82, -4*q = f*n - 376. What is the tens digit of n?
9
What is the ten thousands digit of (-105548)/(-6) - -1*8/12?
1
Suppose -2*n = 2*a + 32, -n - 60 = 7*a - 2*a. Let s(q) = q**2 + 11*q + 10. Let c be s(a). Suppose -c*p + 370 = -5*p. What is the units digit of p?
4
What is the thousands digit of (40/50)/((-489152)/(-163050) + -3)?
5
Let o(z) = 2203*z - 2346. What is the units digit of o(25)?
9
Let c = -2923 - -6574. What is the units digit of c?
1
Suppose -63 = -4*q + 277. Let w = -1 + 7. Suppose -5*j = -2*m - q, -j + 2*m - 85 = -w*j. What is the tens digit of j?
1
Let m(v) be the second derivative of -v**6/72 - v**5/60 - 4*v**4/3 - 17*v. Let p(q) be the third derivative of m(q). What is the units digit of p(-3)?
8
What is the thousands digit of (-967944)/(-21) + (80/(-220) - (-48)/(-231))?
6
Let i(q) = -2*q**3 - 7*q**2 + 98*q - 23. What is the hundreds digit of i(-18)?
6
Let g(p) = -57*p - 30. Let x be g(-17). Suppose -x*b + 5362 = -932*b. What is the tens digit of b?
6
Let f(c) = 155*c**2 - 7*c**2 + 31*c**2 + 2*c - 5*c. Suppose 2*g - 6 = 2*z, 6*z = z - 3*g + 1. What is the units digit of f(z)?
2
Let w be 5 + (-2 + -3)*1. Suppose w = s, 1542 = i + i + 2*s. What is the units digit of i?
1
What is the hundreds digit of (-24 - -25) + (-1)/2*(-3 - 54259)?
1
Let n(p) = 134*p**2 + 8*p + 19. What is the hundreds digit of n(8)?
6
Suppose 0 = -t + 324 - 102. Suppose 5*o - 5*i + 0 = -225, -5*o = -2*i + t. Let g = 87 + o. What is the tens digit of g?
4
Let i = 79 + -76. Suppose -2*a - 9 = -i*j + 2, 2*j + 9 = -a. What is the tens digit of (a - (-1 + -2)) + 176/1?
7
Let b(k) = -3*k + 8. Suppose 3 - 3 = 5*m. Let w be b(m). What is the units digit of -2*(-156)/w + 1?
0
What is the tens digit of ((-2)/6)/((-487)/9392769)?
2
Let i = 201 + -166. Let j(g) = g**3 - 36*g**2 + 60*g - 111. What is the units digit of j(i)?
4
Suppose 3*f + 15 = 2*v + 26, 20 = 5*v + 2*f. Suppose v*a + 6*u - 9*u - 1828 = 0, 0 = 3*a + u - 2742. What is the tens digit of a?
1
Suppose 2*g + 5*t - 28 = 0, -3*g + 2*t = t - 59. Suppose g*i = 4173 + 406. What is the units digit of i?
1
Let v(r) be the second derivative of -r**4/12 - 5*r**3 - 9*r**2 + 33*r. What is the units digit of v(-20)?
2
Let h = 132697 - 27289. Suppose -61*q + 0*q = -h. What is the units digit of q?
8
Let o(x) be the third derivative of 1/40*x**6 - 1/30*x**5 + 0 + 0*x + 0*x**3 - 5/24*x**4 - 22*x**2. What is the units digit of o(3)?
8
Suppose 5*k - 36 = -2*y, k - 2*y = 13 - 1. Let q(t) = 2*t**2 - 16*t - 11. Let b be q(k). Let p(s) = -s**3 - 11*s**2 - 3*s + 15. What is the units digit of p(b)?
8
What is the tens digit of (-9)/2*(90552/(-18))/11?
5
Suppose -662107 = -26*v + 241445. What is the units digit of v?
2
Let c = 295 - 297. What is the units digit of (115/10)/(c/(-324))?
3
Let q(m) = 10*m - 1. Suppose 49 = -2*l + 3*l - j, -266 = -5*l - 2*j. Let r = l + -50. What is the tens digit of q(r)?
1
Let a(v) = v**2 - 5*v + 6. Let i be a(3). Let k be 349/13 + 14/91. Suppose i = -4*h - 15 + k. What is the units digit of h?
3
Suppose 2*y = -4, -3*y = 3*c - 9 - 0. Suppose 0 = -c*w + 11*w - 822. Suppose -w*d - 508 = -139*d. What is the tens digit of d?
5
Suppose -4934 + 12937 = 16*t - 50605. What is the tens digit of t?
6
Let u(k) = -4994*k - 198. What is the thousands digit of u(-2)?
9
Suppose 5 = -5*x + 20, 5*s = -2*x + 1506. Suppose n - 4*n = -2*v - 305, 3*v - s = -3*n. What is the hundreds digit of n?
1
Let i(f) = -5*f**2 + 4*f + 1. Let j be i(-1). Let g = j - -62. Suppose 327 = -51*z + g*z. What is the units digit of z?
9
Let z(v) = 2*v**2 - 9*v - 8. Let t(j) = -7*j - 51. Let l be t(-6). What is the tens digit of z(l)?
3
Suppose 3*p - 93246 = -5*r, -2*p - 37283 = -2*r - p. What is the units digit of r?
5
Suppose 2*b - 12033 = u, -5*b - 2*u = -b - 24094. What is the tens digit of b?
2
Let b(n) = 2*n**3 + 15*n**2 + 18*n + 8. Suppose 84*v = 96*v + 60. What is the units digit of b(v)?
3
Suppose -18*v = 12*o - 22*v - 125360, 0 = -5*v + 20. What is the units digit of o?
8
Let n(k) = -k**3 + 16*k**2 - 6*k - 1. Let q be n(8). Let i = q - 275. What is the units digit of i?
8
Let j(w) = -2347*w + 315. What is the thousands digit of j(-3)?
7
Suppose 0 = -22*d + 27*d - 32290. What is the units digit of d?
8
Let i = -90970 + 133736. What is the units digit of i?
6
Suppose 5*j + 9*h - 24820 = 8*h, 0 = 5*j + 2*h - 24825. Let f = -3049 + j. What is the thousands digit of f?
1
Suppose y = -4*y + 10. Let u(z) = z + 7. Let g be u(-4). Suppose 2*k - g*f = 401, -2*f + 340 = y*k - 36. What is the units digit of k?
3
Suppose 3*u - 4 = -4*a, 3*u + 8 = -3*a - 2*u. Let m(v) = -v**2 + 8*v - 12. Let k be m(a). Let i(y) = 14*y - 19. What is the tens digit of i(k)?
3
Let h(v) = 36*v + 17. Let z be h(-6). Let g = z - -494. What is the tens digit of g?
9
What is the thousands digit of -21*(-524883)/161 - (10 + -1)?
8
Let h be (-4)/(-4)*-3 + -11 + -988. Let i = h + 1622. What is the tens digit of i?
2
Suppose -635*q + 598*q = -2627. What is the units digit of q?
1
What is the ten thousands digit of (8/(-14))/((-23 - -3)/666260)?
1
Let z(j) = -j**2 + 9*j + 64. Let b(v) = v**3 - 10*v**2 - 9*v - 13. Let p be b(11). What is the tens digit of z(p)?
6
Let h be (1 - 0)/(-1)*(-22 - -20). Suppose 4*o - 3 = -19, h*o = g - 38. Let s = 223 - g. What is the units digit of s?
3
Let z(a) = -307*a**3 + 8*a**2 + 48*a + 167. What is the units digit of z(-4)?
1
Let f(v) = 798*v + 1312. What is the ten thousands digit of f(22)?
1
Suppose -60 = -8*y + 2*y. Let c(q) = 7*q**2 - 17*q + 117. What is the hundreds digit of c(y)?
6
Let c(d) = 5*d - 5. Let s be c(2). Let l(y) = -y**3 + 2*y**2 + 10. Let v be l(s). Let t = 106 + v. What is the tens digit of t?
4
Suppose -33352 = -q - m, 47*q - 43*q - 133408 = 2*m. What is the tens digit of q?
5
Let k be (-3384)/60*2/(4/(-10)). Let l = -472 - k. What is the units digit of (-13)/52 - l/8?
4
Suppose 3*r + 34253 = 4*b, 40*b + 34251 = 44*b - 5*r. What is the units digit of b?
4
Let n be (-12)/3 + 48/8. Suppose -4*d - d + 1151 = n*q, -4*q + 2347 = d. What is the hundreds digit of q?
5
Let x(s) = -s**3 + 53*s**2 - 16*s + 1069. What is the units digit of x(45)?
9
Let a(b) = -4*b**2 - 5*b + 136. Let s(p) = p**2 + p - 34. Let t(y) = -2*a(y) - 9*s(y). Let q be ((-4)/(-10) - 2/5)*-1. What is the tens digit of t(q)?
3
Suppose -4 = -2*b, 0 = -4*z - 0*z - 5*b - 1438. Let d be z/7 - 5 - (-2)/(-7). What is the hundreds digit of (38/d)/((-4)/1482)?
2
Suppose 0 = -66*a + 65*a + 1116. Suppose -z - 243 + 615 = -4*j, 3*z + 5*j - a = 0. What is the hundreds digit of z?
3
Let p(w) = -2*w**2 + 38*w + 68. Let f be p(31). Let h = f - -1052. What is the tens digit of h?
7
Let y be 197 + (-7)/14*-4. Suppose 3550 = 4*v - s, -2472 = -3*v + 5*s + y. What is the hundreds digit of v?
8
Suppose q + 2969 + 20809 = 2*c, -5*c = -2*q - 59448. What is the hundreds digit of c?
8
Let x(p) = -10 - 8 + 10 - 10 - 13*p + p**2. Let d(c) = -c**2 - c - 1. Let s(n) = -3*d(n) - x(n). What is the tens digit of s(-14)?
8
Let g be 0/(-4)*(-2)/(-6). Let j be ((-10)/5 - -1)*(g + -7). Suppose -3*k + 128 = y, 4*y - 4*k - 539 = -j*k. What is the hundreds digit of y?
1
Suppose 0*q = -5*l + 2*q + 722, -148 = -l + 4*q. Suppose 5*b - l = -k, -k - 2*b - 620 = -5*k. What is the units digit of k?
4
Suppose 23*z = 10*z + 4121. Let a = -144 + z. What is the units digit of a?
3
Let v = 20731 - 12018. What is the hundreds digit of v?
7
Let v(y) be the second derivative of y**3 - 5*y**2/2 - 11*y. Let c be v(10). Suppose 43 = 2*u - c. What is the units digit of u?
9
What is the u